{"id":7264,"date":"2022-08-19T03:39:16","date_gmt":"2022-08-19T01:39:16","guid":{"rendered":"https:\/\/uspg.edu.gt\/news\/?page_id=7264"},"modified":"2023-09-04T12:20:18","modified_gmt":"2023-09-04T18:20:18","slug":"inicio","status":"publish","type":"page","link":"https:\/\/uspg.edu.gt\/news\/","title":{"rendered":"USPG-News"},"content":{"rendered":"<style type=\"text\/css\"> \n#cmsmasters_row_69dfd2b8d1c9c9_81559240 .cmsmasters_row_outer_parent { \n\tpadding-top: 0px; \n} \n\n#cmsmasters_row_69dfd2b8d1c9c9_81559240 .cmsmasters_row_outer_parent { \n\tpadding-bottom: 50px; \n} \n\n \n#cmsmasters_divider_69dfd2b8d1dab0_93166218 { \n\tborder-bottom-width:0px; \n\tborder-bottom-style:solid; \n\tpadding-top:10px; \n\tmargin-bottom:10px; \n} \n \n#cmsmasters_row_69dfd2b8d20a60_79519167 { \n\tbackground-image: url(); \n\tbackground-position: top left; \n\tbackground-repeat: no-repeat; \n\tbackground-attachment: scroll; \n\tbackground-size: auto; \n} \n\n#cmsmasters_row_69dfd2b8d20a60_79519167 .cmsmasters_row_outer_parent { \n\tpadding-top: 0px; \n} \n\n#cmsmasters_row_69dfd2b8d20a60_79519167 .cmsmasters_row_outer_parent { \n\tpadding-bottom: 50px; \n} \n\n \n#cmsmasters_row_69dfd2b8d6e3b0_45143499 .cmsmasters_row_outer_parent { \n\tpadding-top: 0px; \n} \n\n#cmsmasters_row_69dfd2b8d6e3b0_45143499 .cmsmasters_row_outer_parent { \n\tpadding-bottom: 50px; \n} \n\n \n#cmsmasters_heading_69dfd2b8d70478_33849207 { \n\ttext-align:left; \n\tmargin-top:0px; \n\tmargin-bottom:20px; \n} \n\n#cmsmasters_heading_69dfd2b8d70478_33849207 .cmsmasters_heading { \n\ttext-align:left; \n\tbackground-color:#5e5e5e;\n\tpadding-left:1em; \n\tpadding-right:1em; \n} \n\n#cmsmasters_heading_69dfd2b8d70478_33849207 .cmsmasters_heading, #cmsmasters_heading_69dfd2b8d70478_33849207 .cmsmasters_heading a { \n\tfont-family:'Source Sans Pro'; \n\tfont-weight:normal; \n\tfont-style:normal; \n\tcolor:#ffffff;\n} \n\n#cmsmasters_heading_69dfd2b8d70478_33849207 .cmsmasters_heading_divider { \n} \n\n \n#cmsmasters_divider_69dfd2b8d85df0_12136320 { \n\tborder-bottom-width:0px; \n\tborder-bottom-style:solid; \n\tpadding-top:10px; \n\tmargin-bottom:10px; \n} \n \n#cmsmasters_divider_69dfd2b8d86979_57319359 { \n\tborder-bottom-width:0px; \n\tborder-bottom-style:solid; \n\tpadding-top:10px; \n\tmargin-bottom:10px; \n} \n \n#cmsmasters_row_69dfd2b8d9dae0_69435184 { \n\tbackground-image: url(https:\/\/uspg.edu.gt\/news\/wp-content\/uploads\/2022\/08\/arco-6.png); \n\tbackground-position: top center; \n\tbackground-repeat: no-repeat; \n\tbackground-attachment: scroll; \n\tbackground-size: cover; \n} \n\n#cmsmasters_row_69dfd2b8d9dae0_69435184 .cmsmasters_row_outer_parent { \n\tpadding-top: 0px; \n} \n\n#cmsmasters_row_69dfd2b8d9dae0_69435184 .cmsmasters_row_outer_parent { \n\tpadding-bottom: 50px; \n} \n\n \n#cmsmasters_divider_69dfd2b8da4f50_55661518 { \n\tborder-bottom-width:0px; \n\tborder-bottom-style:solid; \n\tpadding-top:50px; \n\tmargin-bottom:150px; \n} \n<\/style><div id=\"cmsmasters_row_69dfd2b8d1c9c9_81559240\" class=\"cmsmasters_row cmsmasters_color_scheme_default cmsmasters_row_top_default cmsmasters_row_bot_default cmsmasters_row_boxed\">\n<div class=\"cmsmasters_row_outer_parent\">\n<div class=\"cmsmasters_row_outer\">\n<div class=\"cmsmasters_row_inner\">\n<div class=\"cmsmasters_row_margin\">\n<div class=\"cmsmasters_column one_third\">\n\n<div id=\"cmsmasters_divider_69dfd2b8d1dab0_93166218\" class=\"cl\"><\/div>\n<div class=\"cmsmasters_img  cmsmasters_image_n\" data-animation=\"bounceInDown\" data-delay=\"750\">\n<img decoding=\"async\" src=\"https:\/\/uspg.edu.gt\/news\/wp-content\/uploads\/2023\/05\/Captura-300x57-1-2.png\" \/>\n<\/div>\n<div class=\"cmsmasters_text\" data-animation=\"bounceInUp\" data-delay=\"780\">\n<h3 style=\"text-align: center;\">Noticias 2023<\/h3>\n<\/div>\n<\/div>\n<div class=\"cmsmasters_column one_third\">\n<\/div>\n<div class=\"cmsmasters_column one_third\">\n<\/div>\n<\/div>\n<\/div>\n<\/div>\n<\/div>\n<\/div>\n<div id=\"cmsmasters_row_69dfd2b8d20a60_79519167\" class=\"cmsmasters_row cmsmasters_color_scheme_default cmsmasters_row_top_default cmsmasters_row_bot_default cmsmasters_row_boxed\">\n<div class=\"cmsmasters_row_outer_parent\">\n<div class=\"cmsmasters_row_outer\">\n<div class=\"cmsmasters_row_inner\">\n<div class=\"cmsmasters_row_margin\">\n<div class=\"cmsmasters_column one_first\">\n<div class=\"cmsmasters_posts_slider\"  data-animation=\"fadeInRightBig\" data-delay=\"1000\">\r\r\n\t\t<script type=\"text\/javascript\">\r\r\n\t\t\tjQuery(document).ready(function () { \r\r\n\t\t\t\tvar container = jQuery('.cmsmasters_slider_69dfd2b8d27b88_77881576');\r\r\n\t\t\t\t\tcontainerWidth = container.width(), \r\r\n\t\t\t\t\tfirstPost = container.find('article'), \r\r\n\t\t\t\t\tpostMinWidth = Number(firstPost.css('minWidth').replace('px', '')), \r\r\n\t\t\t\t\tpostThreeColumns = (postMinWidth * 4) - 1;\r\r\n\t\t\t\t\tpostTwoColumns = (postMinWidth * 3) - 1;\r\r\n\t\t\t\t\tpostOneColumns = (postMinWidth * 2) - 1; \r\r\n\t\t\t\t\r\r\n\t\t\t\t\r\r\n\t\t\t\tjQuery('.cmsmasters_slider_69dfd2b8d27b88_77881576').owlCarousel( {\r\r\n\t\t\t\t\titems : 3, \r\r\n\t\t\t\t\titemsDesktop : false,\r\r\n\t\t\t\t\titemsDesktopSmall : [postThreeColumns,3], \r\r\n\t\t\t\t\titemsTablet : [postTwoColumns,2], \r\r\n\t\t\t\t\titemsMobile : [postOneColumns,1], \r\r\n\t\t\t\t\ttransitionStyle : false, \r\r\n\t\t\t\t\trewindNav : true, \r\r\n\t\t\t\t\tslideSpeed : 200, \r\r\n\t\t\t\t\tpaginationSpeed : 800, \r\r\n\t\t\t\t\trewindSpeed : 1000, autoPlay : 5000, stopOnHover : true, \r\r\n\t\t\t\t\tautoHeight : true, \r\r\n\t\t\t\t\taddClassActive : true, \r\r\n\t\t\t\t\tresponsiveBaseWidth : '.cmsmasters_slider_69dfd2b8d27b88_77881576', \r\r\n\t\t\t\t\tpagination : false, \r\r\n\t\t\t\t\tnavigation : true, \r\r\n\t\t\t\t\tnavigationText : [ \"<span class=\\\"cmsmasters_prev_arrow\\\"><span><\/span><\/span>\", \"<span class=\\\"cmsmasters_next_arrow\\\"><span><\/span><\/span>\" ] \r\r\n\t\t\t\t} );\r\r\n\t\t\t} );\r\r\n\t\t<\/script>\r\r\n\t\t<div id=\"cmsmasters_owl_carousel_69dfd2b8d27b88_77881576\" class=\"cmsmasters_owl_slider cmsmasters_slider_69dfd2b8d27b88_77881576\"><div>\r\n\r\r\n<!--_________________________ Start Standard Article _________________________ -->\r\r\n\r\r\n<article id=\"post-8146\" class=\"cmsmasters_slider_post post-8146 post type-post status-publish format-image has-post-thumbnail hentry category-marzo-2024 tag-septiembre-2023 post_format-post-format-image\">\r\r\n\t<div class=\"cmsmasters_slider_post_outer\">\r\r\n\t<span class=\"cmsmasters_slider_post_date\"><abbr class=\"published\" title=\"12 marzo, 2024\">12 marzo, 2024<\/abbr><abbr class=\"dn date updated\" title=\"12 marzo, 2024\">12 marzo, 2024<\/abbr><\/span><header class=\"cmsmasters_slider_post_header entry-header\"><h3 class=\"cmsmasters_slider_post_title entry-title\"><a href=\"https:\/\/uspg.edu.gt\/news\/inauguarcion-biblioteca\/\">\u00a1Inauguraci\u00f3n! \ud83d\udcda La Biblioteca Enrique y Asunci\u00f3n Arimany<\/a><\/h3><\/header><div class=\"cmsmasters_slider_post_inner\"><footer class=\"cmsmasters_slider_post_footer entry-meta\"><span class=\"cmsmasters_likes cmsmasters_slider_post_likes\"><a href=\"#\" onclick=\"cmsmastersLike(8146); return false;\" id=\"cmsmastersLike-8146\" class=\"cmsmastersLike cmsmasters_theme_icon_like\"><span>6<\/span><\/a><\/span><\/footer><div class=\"cmsmasters_slider_post_cont_info entry-meta\"><span class=\"cmsmasters_slider_post_category\">In <a href=\"https:\/\/uspg.edu.gt\/news\/category\/marzo-2024\/\" class=\"cmsmasters_cat_color cmsmasters_cat_126\" rel=\"category tag\">Marzo 2024<\/a><\/span><\/div><\/div><figure class=\"cmsmasters_img_rollover_wrap preloader\"><img loading=\"lazy\" decoding=\"async\" width=\"580\" height=\"420\" src=\"https:\/\/uspg.edu.gt\/news\/wp-content\/uploads\/2024\/03\/n1-580x420.png\" class=\"full-width wp-post-image\" alt=\"\u00a1Inauguraci\u00f3n! \ud83d\udcda La Biblioteca Enrique y Asunci\u00f3n Arimany\" title=\"\u00a1Inauguraci\u00f3n! \ud83d\udcda La Biblioteca Enrique y Asunci\u00f3n Arimany\" \/><a href=\"https:\/\/uspg.edu.gt\/news\/inauguarcion-biblioteca\/\" title=\"\u00a1Inauguraci\u00f3n! \ud83d\udcda La Biblioteca Enrique y Asunci\u00f3n Arimany\" class=\"cmsmasters_open_link\"><\/a><\/figure><div class=\"cmsmasters_slider_post_content entry-content\">\n<p>\u00a1Estamos muy emocionados por compartir con ustedes esta inauguraci\u00f3n!\u00a0<br \/>\nLa Biblioteca Enrique y Asunci\u00f3n Arimany oficialmente est\u00e1....<\/p>\n<\/div>\n<a class=\"cmsmasters_slider_post_read_more\" href=\"https:\/\/uspg.edu.gt\/news\/inauguarcion-biblioteca\/\">Continuar leyendo...<\/a>\r\n\t<\/div>\r\r\n<\/article>\r\r\n<!--_________________________ Finish Standard Article _________________________ -->\r\r\n\r\r\n<\/div><div>\r\n\r\r\n<!--_________________________ Start Standard Article _________________________ -->\r\r\n\r\r\n<article id=\"post-8142\" class=\"cmsmasters_slider_post post-8142 post type-post status-publish format-image has-post-thumbnail hentry category-febrero-2024 tag-septiembre-2023 post_format-post-format-image\">\r\r\n\t<div class=\"cmsmasters_slider_post_outer\">\r\r\n\t<span class=\"cmsmasters_slider_post_date\"><abbr class=\"published\" title=\"7 febrero, 2024\">7 febrero, 2024<\/abbr><abbr class=\"dn date updated\" title=\"4 marzo, 2024\">4 marzo, 2024<\/abbr><\/span><header class=\"cmsmasters_slider_post_header entry-header\"><h3 class=\"cmsmasters_slider_post_title entry-title\"><a href=\"https:\/\/uspg.edu.gt\/news\/first-face-to-face-m12-meeting-took-place-in-guatemala-cit\/\">First Face-to-Face M12 Meeting took place in Guatemala Cit<\/a><\/h3><\/header><div class=\"cmsmasters_slider_post_inner\"><footer class=\"cmsmasters_slider_post_footer entry-meta\"><span class=\"cmsmasters_likes cmsmasters_slider_post_likes\"><a href=\"#\" onclick=\"cmsmastersLike(8142); return false;\" id=\"cmsmastersLike-8142\" class=\"cmsmastersLike cmsmasters_theme_icon_like\"><span>5<\/span><\/a><\/span><\/footer><div class=\"cmsmasters_slider_post_cont_info entry-meta\"><span class=\"cmsmasters_slider_post_category\">In <a href=\"https:\/\/uspg.edu.gt\/news\/category\/febrero-2024\/\" class=\"cmsmasters_cat_color cmsmasters_cat_125\" rel=\"category tag\">Febrero 2024<\/a><\/span><\/div><\/div><figure class=\"cmsmasters_img_rollover_wrap preloader\"><img loading=\"lazy\" decoding=\"async\" width=\"580\" height=\"420\" src=\"https:\/\/uspg.edu.gt\/news\/wp-content\/uploads\/2024\/03\/EU-BEGP-580x420.jpg\" class=\"full-width wp-post-image\" alt=\"First Face-to-Face M12 Meeting took place in Guatemala Cit\" title=\"First Face-to-Face M12 Meeting took place in Guatemala Cit\" \/><a href=\"https:\/\/uspg.edu.gt\/news\/first-face-to-face-m12-meeting-took-place-in-guatemala-cit\/\" title=\"First Face-to-Face M12 Meeting took place in Guatemala Cit\" class=\"cmsmasters_open_link\"><\/a><\/figure><div class=\"cmsmasters_slider_post_content entry-content\">\n<p>First Face-to-Face M12 Meeting took place in Guatemala City.<br \/>\nThis gathering not only marked a milestone in the Erasmus+ EU-BEGP Project,but....<\/p>\n<\/div>\n<a class=\"cmsmasters_slider_post_read_more\" href=\"https:\/\/uspg.edu.gt\/news\/first-face-to-face-m12-meeting-took-place-in-guatemala-cit\/\">Continuar leyendo...<\/a>\r\n\t<\/div>\r\r\n<\/article>\r\r\n<!--_________________________ Finish Standard Article _________________________ -->\r\r\n\r\r\n<\/div><div>\r\n\r\r\n<!--_________________________ Start Standard Article _________________________ -->\r\r\n\r\r\n<article id=\"post-8134\" class=\"cmsmasters_slider_post post-8134 post type-post status-publish format-image has-post-thumbnail hentry category-febrero-2024 tag-septiembre-2023 post_format-post-format-image\">\r\r\n\t<div class=\"cmsmasters_slider_post_outer\">\r\r\n\t<span class=\"cmsmasters_slider_post_date\"><abbr class=\"published\" title=\"6 febrero, 2024\">6 febrero, 2024<\/abbr><abbr class=\"dn date updated\" title=\"6 febrero, 2024\">6 febrero, 2024<\/abbr><\/span><header class=\"cmsmasters_slider_post_header entry-header\"><h3 class=\"cmsmasters_slider_post_title entry-title\"><a href=\"https:\/\/uspg.edu.gt\/news\/leccion-inaugural-2024-de-la-universidad-san-pablo-de-guatemala\/\">Lecci\u00f3n Inaugural 2024<\/a><\/h3><\/header><div class=\"cmsmasters_slider_post_inner\"><footer class=\"cmsmasters_slider_post_footer entry-meta\"><span class=\"cmsmasters_likes cmsmasters_slider_post_likes\"><a href=\"#\" onclick=\"cmsmastersLike(8134); return false;\" id=\"cmsmastersLike-8134\" class=\"cmsmastersLike cmsmasters_theme_icon_like\"><span>5<\/span><\/a><\/span><\/footer><div class=\"cmsmasters_slider_post_cont_info entry-meta\"><span class=\"cmsmasters_slider_post_category\">In <a href=\"https:\/\/uspg.edu.gt\/news\/category\/febrero-2024\/\" class=\"cmsmasters_cat_color cmsmasters_cat_125\" rel=\"category tag\">Febrero 2024<\/a><\/span><\/div><\/div><figure class=\"cmsmasters_img_rollover_wrap preloader\"><img loading=\"lazy\" decoding=\"async\" width=\"580\" height=\"420\" src=\"https:\/\/uspg.edu.gt\/news\/wp-content\/uploads\/2024\/02\/PHOTO-2024-02-06-16-21-47-580x420.jpg\" class=\"full-width wp-post-image\" alt=\"Lecci\u00f3n Inaugural 2024\" title=\"Lecci\u00f3n Inaugural 2024\" \/><a href=\"https:\/\/uspg.edu.gt\/news\/leccion-inaugural-2024-de-la-universidad-san-pablo-de-guatemala\/\" title=\"Lecci\u00f3n Inaugural 2024\" class=\"cmsmasters_open_link\"><\/a><\/figure><div class=\"cmsmasters_slider_post_content entry-content\">\n<p>La Lecci\u00f3n Inaugural 2024 de la Universidad San Pablo de Guatemala fue un momento de inspiraci\u00f3n y reflexi\u00f3n. Nuestro rector, el Dr. Harold Caballeros, comparti\u00f3...<\/p>\n<\/div>\n<a class=\"cmsmasters_slider_post_read_more\" href=\"https:\/\/uspg.edu.gt\/news\/leccion-inaugural-2024-de-la-universidad-san-pablo-de-guatemala\/\">Continuar leyendo...<\/a>\r\n\t<\/div>\r\r\n<\/article>\r\r\n<!--_________________________ Finish Standard Article _________________________ -->\r\r\n\r\r\n<\/div><\/div><\/div>\n<\/div>\n<\/div>\n<\/div>\n<\/div>\n<\/div>\n<\/div>\n<div id=\"cmsmasters_row_69dfd2b8d6e3b0_45143499\" class=\"cmsmasters_row cmsmasters_color_scheme_default cmsmasters_row_top_default cmsmasters_row_bot_default cmsmasters_row_boxed\">\n<div class=\"cmsmasters_row_outer_parent\">\n<div class=\"cmsmasters_row_outer\">\n<div class=\"cmsmasters_row_inner\">\n<div class=\"cmsmasters_row_margin\">\n<div class=\"cmsmasters_column one_fourth\" data-animation=\"fadeInLeftBig\" data-delay=\"1000\">\n\n<div id=\"cmsmasters_heading_69dfd2b8d70478_33849207\" class=\"cmsmasters_heading_wrap cmsmasters_heading_align_left\">\n\t<h2 class=\"cmsmasters_heading\">Noticias<\/h2>\n<\/div><div class=\"cmsmasters_sidebar sidebar_layout_11\"><aside id=\"block-44\" class=\"widget widget_block widget_categories\"><ul class=\"wp-block-categories-list wp-block-categories\">\t<li class=\"cat-item cat-item-110\"><a href=\"https:\/\/uspg.edu.gt\/news\/category\/agosto-2022\/\">Agosto 2022<\/a>\n<\/li>\n\t<li class=\"cat-item cat-item-119\"><a href=\"https:\/\/uspg.edu.gt\/news\/category\/agosto-2023\/\">Agosto 2023<\/a>\n<\/li>\n\t<li class=\"cat-item cat-item-115\"><a href=\"https:\/\/uspg.edu.gt\/news\/category\/enero-2023\/\">Enero 2023<\/a>\n<\/li>\n\t<li class=\"cat-item cat-item-117\"><a href=\"https:\/\/uspg.edu.gt\/news\/category\/febrero-2023\/\">Febrero 2023<\/a>\n<\/li>\n\t<li class=\"cat-item cat-item-125\"><a href=\"https:\/\/uspg.edu.gt\/news\/category\/febrero-2024\/\">Febrero 2024<\/a>\n<\/li>\n\t<li class=\"cat-item cat-item-118\"><a href=\"https:\/\/uspg.edu.gt\/news\/category\/julio-2023\/\">Julio 2023<\/a>\n<\/li>\n\t<li class=\"cat-item cat-item-116\"><a href=\"https:\/\/uspg.edu.gt\/news\/category\/marzo-2023\/\">Marzo 2023<\/a>\n<\/li>\n\t<li class=\"cat-item cat-item-126\"><a href=\"https:\/\/uspg.edu.gt\/news\/category\/marzo-2024\/\">Marzo 2024<\/a>\n<\/li>\n\t<li class=\"cat-item cat-item-114\"><a href=\"https:\/\/uspg.edu.gt\/news\/category\/noviembre-2022\/\">Noviembre 2022<\/a>\n<\/li>\n\t<li class=\"cat-item cat-item-123\"><a href=\"https:\/\/uspg.edu.gt\/news\/category\/noviembre-2023\/\">Noviembre 2023<\/a>\n<\/li>\n\t<li class=\"cat-item cat-item-122\"><a href=\"https:\/\/uspg.edu.gt\/news\/category\/octubre-2023\/\">Octubre 2023<\/a>\n<\/li>\n\t<li class=\"cat-item cat-item-111\"><a href=\"https:\/\/uspg.edu.gt\/news\/category\/septiembre-2022\/\">Septiembre 2022<\/a>\n<\/li>\n\t<li class=\"cat-item cat-item-121\"><a href=\"https:\/\/uspg.edu.gt\/news\/category\/septiembre-2023\/\">Septiembre 2023<\/a>\n<\/li>\n<\/ul><\/aside><div class=\"cl\"><\/div>\n<\/div>\n<\/div>\n<div class=\"cmsmasters_column one_half\" data-animation=\"bounceInUp\" data-delay=\"1000\">\n<div class=\"cmsmasters_posts_slider\" >\r\r\n\t\t<script type=\"text\/javascript\">\r\r\n\t\t\tjQuery(document).ready(function () { \r\r\n\t\t\t\tvar container = jQuery('.cmsmasters_slider_69dfd2b8d7b886_15423263');\r\r\n\t\t\t\t\tcontainerWidth = container.width(), \r\r\n\t\t\t\t\tfirstPost = container.find('article'), \r\r\n\t\t\t\t\tpostMinWidth = Number(firstPost.css('minWidth').replace('px', '')), \r\r\n\t\t\t\t\tpostThreeColumns = (postMinWidth * 4) - 1;\r\r\n\t\t\t\t\tpostTwoColumns = (postMinWidth * 3) - 1;\r\r\n\t\t\t\t\tpostOneColumns = (postMinWidth * 2) - 1; \r\r\n\t\t\t\t\r\r\n\t\t\t\t\r\r\n\t\t\t\tjQuery('.cmsmasters_slider_69dfd2b8d7b886_15423263').owlCarousel( {\r\r\n\t\t\t\t\titems : 1, \r\r\n\t\t\t\t\titemsDesktop : false,\r\r\n\t\t\t\t\titemsDesktopSmall : [postThreeColumns,1], \r\r\n\t\t\t\t\titemsTablet : [postTwoColumns,1], \r\r\n\t\t\t\t\titemsMobile : [postOneColumns,1], \r\r\n\t\t\t\t\ttransitionStyle : false, \r\r\n\t\t\t\t\trewindNav : true, \r\r\n\t\t\t\t\tslideSpeed : 200, \r\r\n\t\t\t\t\tpaginationSpeed : 800, \r\r\n\t\t\t\t\trewindSpeed : 1000, autoPlay : 5000, stopOnHover : true, \r\r\n\t\t\t\t\tautoHeight : true, \r\r\n\t\t\t\t\taddClassActive : true, \r\r\n\t\t\t\t\tresponsiveBaseWidth : '.cmsmasters_slider_69dfd2b8d7b886_15423263', \r\r\n\t\t\t\t\tpagination : false, \r\r\n\t\t\t\t\tnavigation : true, \r\r\n\t\t\t\t\tnavigationText : [ \"<span class=\\\"cmsmasters_prev_arrow\\\"><span><\/span><\/span>\", \"<span class=\\\"cmsmasters_next_arrow\\\"><span><\/span><\/span>\" ] \r\r\n\t\t\t\t} );\r\r\n\t\t\t} );\r\r\n\t\t<\/script>\r\r\n\t\t<div id=\"cmsmasters_owl_carousel_69dfd2b8d7b886_15423263\" class=\"cmsmasters_owl_slider cmsmasters_slider_69dfd2b8d7b886_15423263\"><div>\r\n\r\r\n<!--_________________________ Start Standard Article _________________________ -->\r\r\n\r\r\n<article id=\"post-8146\" class=\"cmsmasters_slider_post post-8146 post type-post status-publish format-image has-post-thumbnail hentry category-marzo-2024 tag-septiembre-2023 post_format-post-format-image\">\r\r\n\t<div class=\"cmsmasters_slider_post_outer\">\r\r\n\t<span class=\"cmsmasters_slider_post_date\"><abbr class=\"published\" title=\"12 marzo, 2024\">12 marzo, 2024<\/abbr><abbr class=\"dn date updated\" title=\"12 marzo, 2024\">12 marzo, 2024<\/abbr><\/span><header class=\"cmsmasters_slider_post_header entry-header\"><h3 class=\"cmsmasters_slider_post_title entry-title\"><a href=\"https:\/\/uspg.edu.gt\/news\/inauguarcion-biblioteca\/\">\u00a1Inauguraci\u00f3n! \ud83d\udcda La Biblioteca Enrique y Asunci\u00f3n Arimany<\/a><\/h3><\/header><figure class=\"cmsmasters_img_rollover_wrap preloader\"><img loading=\"lazy\" decoding=\"async\" width=\"580\" height=\"420\" src=\"https:\/\/uspg.edu.gt\/news\/wp-content\/uploads\/2024\/03\/n1-580x420.png\" class=\"full-width wp-post-image\" alt=\"\u00a1Inauguraci\u00f3n! \ud83d\udcda La Biblioteca Enrique y Asunci\u00f3n Arimany\" title=\"\u00a1Inauguraci\u00f3n! \ud83d\udcda La Biblioteca Enrique y Asunci\u00f3n Arimany\" \/><a href=\"https:\/\/uspg.edu.gt\/news\/inauguarcion-biblioteca\/\" title=\"\u00a1Inauguraci\u00f3n! \ud83d\udcda La Biblioteca Enrique y Asunci\u00f3n Arimany\" class=\"cmsmasters_open_link\"><\/a><\/figure><div class=\"cmsmasters_slider_post_content entry-content\">\n<p>\u00a1Estamos muy emocionados por compartir con ustedes esta inauguraci\u00f3n!\u00a0<br \/>\nLa Biblioteca Enrique y Asunci\u00f3n Arimany oficialmente est\u00e1....<\/p>\n<\/div>\n<a class=\"cmsmasters_slider_post_read_more\" href=\"https:\/\/uspg.edu.gt\/news\/inauguarcion-biblioteca\/\">Continuar leyendo...<\/a>\r\n\t<\/div>\r\r\n<\/article>\r\r\n<!--_________________________ Finish Standard Article _________________________ -->\r\r\n\r\r\n<\/div><\/div><\/div>\n\n<div id=\"cmsmasters_divider_69dfd2b8d85df0_12136320\" class=\"cl\"><\/div>\n<\/div>\n<div class=\"cmsmasters_column one_fourth\" data-animation=\"fadeInRightBig\" data-delay=\"1000\">\n\n<div id=\"cmsmasters_divider_69dfd2b8d86979_57319359\" class=\"cl\"><\/div>\n<div class=\"cmsmasters_sidebar sidebar_layout_11\"><aside id=\"block-35\" class=\"widget widget_block\">\n<div class=\"wp-block-columns is-layout-flex wp-container-core-columns-is-layout-9d6595d7 wp-block-columns-is-layout-flex\">\n<div class=\"wp-block-column is-layout-flow wp-block-column-is-layout-flow\" style=\"flex-basis:100%\">\n<p><\/p>\n<\/div>\n<\/div>\n<\/aside><aside id=\"block-43\" class=\"widget widget_block widget_recent_entries\"><ul class=\"wp-block-latest-posts__list wp-block-latest-posts\"><li><div class=\"wp-block-latest-posts__featured-image alignleft\"><img loading=\"lazy\" decoding=\"async\" width=\"150\" height=\"150\" src=\"https:\/\/uspg.edu.gt\/news\/wp-content\/uploads\/2024\/03\/n1-150x150.png\" class=\"attachment-thumbnail size-thumbnail wp-post-image\" alt=\"\" style=\"max-width:75px;max-height:75px;\" srcset=\"https:\/\/uspg.edu.gt\/news\/wp-content\/uploads\/2024\/03\/n1-150x150.png 150w, https:\/\/uspg.edu.gt\/news\/wp-content\/uploads\/2024\/03\/n1-300x300.png 300w, https:\/\/uspg.edu.gt\/news\/wp-content\/uploads\/2024\/03\/n1-70x70.png 70w, https:\/\/uspg.edu.gt\/news\/wp-content\/uploads\/2024\/03\/n1-360x360.png 360w, https:\/\/uspg.edu.gt\/news\/wp-content\/uploads\/2024\/03\/n1-580x580.png 580w, https:\/\/uspg.edu.gt\/news\/wp-content\/uploads\/2024\/03\/n1.png 600w\" sizes=\"auto, (max-width: 150px) 100vw, 150px\" \/><\/div><a class=\"wp-block-latest-posts__post-title\" href=\"https:\/\/uspg.edu.gt\/news\/inauguarcion-biblioteca\/\">\u00a1Inauguraci\u00f3n! \ud83d\udcda La Biblioteca Enrique y Asunci\u00f3n Arimany<\/a><\/li>\n<li><div class=\"wp-block-latest-posts__featured-image alignleft\"><img loading=\"lazy\" decoding=\"async\" width=\"150\" height=\"150\" src=\"https:\/\/uspg.edu.gt\/news\/wp-content\/uploads\/2024\/03\/EU-BEGP-150x150.jpg\" class=\"attachment-thumbnail size-thumbnail wp-post-image\" alt=\"\" style=\"max-width:75px;max-height:75px;\" srcset=\"https:\/\/uspg.edu.gt\/news\/wp-content\/uploads\/2024\/03\/EU-BEGP-150x150.jpg 150w, https:\/\/uspg.edu.gt\/news\/wp-content\/uploads\/2024\/03\/EU-BEGP-300x300.jpg 300w, https:\/\/uspg.edu.gt\/news\/wp-content\/uploads\/2024\/03\/EU-BEGP-768x770.jpg 768w, https:\/\/uspg.edu.gt\/news\/wp-content\/uploads\/2024\/03\/EU-BEGP-70x70.jpg 70w, https:\/\/uspg.edu.gt\/news\/wp-content\/uploads\/2024\/03\/EU-BEGP-360x360.jpg 360w, https:\/\/uspg.edu.gt\/news\/wp-content\/uploads\/2024\/03\/EU-BEGP-580x581.jpg 580w, https:\/\/uspg.edu.gt\/news\/wp-content\/uploads\/2024\/03\/EU-BEGP-860x862.jpg 860w, https:\/\/uspg.edu.gt\/news\/wp-content\/uploads\/2024\/03\/EU-BEGP.jpg 888w\" sizes=\"auto, (max-width: 150px) 100vw, 150px\" \/><\/div><a class=\"wp-block-latest-posts__post-title\" href=\"https:\/\/uspg.edu.gt\/news\/first-face-to-face-m12-meeting-took-place-in-guatemala-cit\/\">First Face-to-Face M12 Meeting took place in Guatemala Cit<\/a><\/li>\n<li><div class=\"wp-block-latest-posts__featured-image alignleft\"><img loading=\"lazy\" decoding=\"async\" width=\"150\" height=\"150\" src=\"https:\/\/uspg.edu.gt\/news\/wp-content\/uploads\/2024\/02\/PHOTO-2024-02-06-16-21-47-150x150.jpg\" class=\"attachment-thumbnail size-thumbnail wp-post-image\" alt=\"\" style=\"max-width:75px;max-height:75px;\" srcset=\"https:\/\/uspg.edu.gt\/news\/wp-content\/uploads\/2024\/02\/PHOTO-2024-02-06-16-21-47-150x150.jpg 150w, https:\/\/uspg.edu.gt\/news\/wp-content\/uploads\/2024\/02\/PHOTO-2024-02-06-16-21-47-300x300.jpg 300w, https:\/\/uspg.edu.gt\/news\/wp-content\/uploads\/2024\/02\/PHOTO-2024-02-06-16-21-47-768x768.jpg 768w, https:\/\/uspg.edu.gt\/news\/wp-content\/uploads\/2024\/02\/PHOTO-2024-02-06-16-21-47-70x70.jpg 70w, https:\/\/uspg.edu.gt\/news\/wp-content\/uploads\/2024\/02\/PHOTO-2024-02-06-16-21-47-360x360.jpg 360w, https:\/\/uspg.edu.gt\/news\/wp-content\/uploads\/2024\/02\/PHOTO-2024-02-06-16-21-47-580x580.jpg 580w, https:\/\/uspg.edu.gt\/news\/wp-content\/uploads\/2024\/02\/PHOTO-2024-02-06-16-21-47-860x860.jpg 860w, https:\/\/uspg.edu.gt\/news\/wp-content\/uploads\/2024\/02\/PHOTO-2024-02-06-16-21-47-1160x1160.jpg 1160w, https:\/\/uspg.edu.gt\/news\/wp-content\/uploads\/2024\/02\/PHOTO-2024-02-06-16-21-47.jpg 1280w\" sizes=\"auto, (max-width: 150px) 100vw, 150px\" \/><\/div><a class=\"wp-block-latest-posts__post-title\" href=\"https:\/\/uspg.edu.gt\/news\/leccion-inaugural-2024-de-la-universidad-san-pablo-de-guatemala\/\">Lecci\u00f3n Inaugural 2024<\/a><\/li>\n<\/ul><\/aside><div class=\"cl\"><\/div>\n<\/div>\n<\/div>\n<\/div>\n<\/div>\n<\/div>\n<\/div>\n<\/div>\n<div id=\"cmsmasters_row_69dfd2b8d9dae0_69435184\" class=\"cmsmasters_row cmsmasters_color_scheme_default cmsmasters_row_top_default cmsmasters_row_bot_default cmsmasters_row_boxed\">\n<div class=\"cmsmasters_row_outer_parent\">\n<div class=\"cmsmasters_row_outer\">\n<div class=\"cmsmasters_row_inner\">\n<div class=\"cmsmasters_row_margin\">\n<div class=\"cmsmasters_column one_first\">\n\n<div id=\"cmsmasters_divider_69dfd2b8da4f50_55661518\" class=\"cl\"><\/div>\n<\/div>\n<\/div>\n<\/div>\n<\/div>\n<\/div>\n<\/div>\n\n","protected":false},"excerpt":{"rendered":"","protected":false},"author":1,"featured_media":0,"parent":0,"menu_order":0,"comment_status":"closed","ping_status":"closed","template":"","meta":{"footnotes":""},"class_list":["post-7264","page","type-page","status-publish","hentry"],"_links":{"self":[{"href":"https:\/\/uspg.edu.gt\/news\/wp-json\/wp\/v2\/pages\/7264","targetHints":{"allow":["GET"]}}],"collection":[{"href":"https:\/\/uspg.edu.gt\/news\/wp-json\/wp\/v2\/pages"}],"about":[{"href":"https:\/\/uspg.edu.gt\/news\/wp-json\/wp\/v2\/types\/page"}],"author":[{"embeddable":true,"href":"https:\/\/uspg.edu.gt\/news\/wp-json\/wp\/v2\/users\/1"}],"replies":[{"embeddable":true,"href":"https:\/\/uspg.edu.gt\/news\/wp-json\/wp\/v2\/comments?post=7264"}],"version-history":[{"count":36,"href":"https:\/\/uspg.edu.gt\/news\/wp-json\/wp\/v2\/pages\/7264\/revisions"}],"predecessor-version":[{"id":7977,"href":"https:\/\/uspg.edu.gt\/news\/wp-json\/wp\/v2\/pages\/7264\/revisions\/7977"}],"wp:attachment":[{"href":"https:\/\/uspg.edu.gt\/news\/wp-json\/wp\/v2\/media?parent=7264"}],"curies":[{"name":"wp","href":"https:\/\/api.w.org\/{rel}","templated":true}]}}